he prime factors of 138189450?
2, 3, 5, 7, 37, 3557
What are the prime factors of 37228953?
3, 29, 427919
What are the prime factors of 37064563?
83, 446561
List the prime factors of 59778787.
59778787
List the prime factors of 457221039.
3, 11, 13855183
What are the prime factors of 12868614?
2, 3, 11, 103, 631
List the prime factors of 246572959.
599, 411641
What are the prime factors of 516221777?
516221777
What are the prime factors of 20388797?
11, 13, 17, 8387
What are the prime factors of 2137733680?
2, 5, 17, 79, 101, 197
List the prime factors of 1184681236.
2, 19, 15587911
List the prime factors of 996574835.
5, 37, 5386891
List the prime factors of 327728508.
2, 3, 263, 103843
List the prime factors of 21359105.
5, 1013, 4217
List the prime factors of 160909465.
5, 32181893
What are the prime factors of 25778318?
2, 12889159
What are the prime factors of 292334063?
7, 41762009
What are the prime factors of 1433757953?
523, 2741411
What are the prime factors of 2471833808?
2, 2341, 65993
List the prime factors of 111975399.
3, 4147237
List the prime factors of 35075426.
2, 113, 155201
List the prime factors of 57960898.
2, 28980449
What are the prime factors of 2301548713?
2301548713
List the prime factors of 112535238.
2, 3, 727, 25799
What are the prime factors of 1984555553?
89, 1559, 14303
What are the prime factors of 423913145?
5, 41, 173, 11953
What are the prime factors of 27843799?
29, 960131
What are the prime factors of 6315581123?
6315581123
What are the prime factors of 1377751374?
2, 3, 76541743
List the prime factors of 1877136289.
7, 268162327
List the prime factors of 31803633.
3, 29, 121853
List the prime factors of 14345305.
5, 13, 83, 2659
What are the prime factors of 5754598?
2, 241, 11939
List the prime factors of 355989788.
2, 7, 11, 547, 2113
List the prime factors of 684797029.
7, 181, 227, 2381
What are the prime factors of 633774951?
3, 70419439
What are the prime factors of 1092437145?
3, 5, 43, 188189
What are the prime factors of 533368481?
383, 1392607
List the prime factors of 159449949.
3, 17716661
What are the prime factors of 27651754?
2, 13, 1063529
List the prime factors of 86934894.
2, 3, 23, 629963
What are the prime factors of 6292766503?
19, 47, 7046771
What are the prime factors of 114468669?
3, 7, 1816963
What are the prime factors of 76697953?
29, 461, 5737
What are the prime factors of 89192772?
2, 3, 281, 2939
List the prime factors of 1543913555.
5, 3889, 79399
What are the prime factors of 2875126740?
2, 3, 5, 19, 132739
List the prime factors of 9752275534.
2, 107, 45571381
List the prime factors of 617306496.
2, 3, 41, 39209
What are the prime factors of 54398487?
3, 11, 13, 17, 7459
What are the prime factors of 2603724033?
3, 19, 191, 311, 769
List the prime factors of 319816052.
2, 79954013
What are the prime factors of 16634761?
11, 13, 61, 1907
What are the prime factors of 85569997?
479, 178643
What are the prime factors of 16682327?
1439, 11593
List the prime factors of 2345948748.
2, 3, 11, 13, 455701
List the prime factors of 1358901048.
2, 3, 41, 1380997
List the prime factors of 1479168492.
2, 3, 127, 970583
What are the prime factors of 841462595?
5, 19, 8857501
List the prime factors of 3047762752.
2, 23, 47, 44053
What are the prime factors of 190840453?
17, 23, 21221
What are the prime factors of 6798900?
2, 3, 5, 131, 173
What are the prime factors of 260793471?
3, 2287, 38011
List the prime factors of 69301194.
2, 3, 3301, 3499
What are the prime factors of 1075248075?
3, 5, 11, 1303331
List the prime factors of 8372244.
2, 3, 697687
List the prime factors of 809738139.
3, 7, 1879, 20521
List the prime factors of 3717408516.
2, 3, 59, 79, 66463
What are the prime factors of 593864748?
2, 3, 691, 23873
List the prime factors of 227803637.
43, 5297759
What are the prime factors of 55920351?
3, 41, 454637
List the prime factors of 70819156.
2, 19, 653, 1427
List the prime factors of 3337963217.
41, 81413737
List the prime factors of 134349661.
41, 3276821
List the prime factors of 3218275992.
2, 3, 134094833
List the prime factors of 38852208.
2, 3, 17, 59, 269
What are the prime factors of 578122?
2, 79, 3659
List the prime factors of 3153654818.
2, 37, 5231, 8147
List the prime factors of 216138800.
2, 5, 540347
List the prime factors of 63892431.
3, 263, 26993
What are the prime factors of 59290997?
137, 432781
List the prime factors of 165130743.
3, 6871, 8011
What are the prime factors of 102309886?
2, 7, 7307849
List the prime factors of 3444812830.
2, 5, 47, 151, 48539
List the prime factors of 116905567.
5179, 22573
List the prime factors of 44664113.
13, 3435701
List the prime factors of 259999938.
2, 3, 11, 17, 77243
List the prime factors of 1823547123.
3, 103, 1967149
List the prime factors of 1331615425.
5, 7, 41, 26513
What are the prime factors of 2112777391?
17, 124281023
List the prime factors of 141887344.
2, 8867959
List the prime factors of 74483532.
2, 3, 47, 44021
List the prime factors of 444925377.
3, 13, 17, 467, 479
What are the prime factors of 114172097?
13, 233, 37693
List the prime factors of 358604355.
3, 5, 23906957
What are the prime factors of 1463766518?
2, 59, 113, 151, 727
List the prime factors of 1833827879.
13, 2053, 68711
List the prime factors of 1928756568.
2, 3, 80364857
List the prime factors of 415460557.
415460557
List the prime factors of 366865783.
366865783
What are the prime factors of 153066810?
2, 3, 5, 13, 17, 23087
List the prime factors of 2623090042.
2, 43, 167, 182641
What are the prime factors of 393788096?
2, 13, 131, 3613
List the prime factors of 348353581.
19, 79, 232081
What are the prime factors of 332904012?
2, 3, 7, 131, 30253
What are the prime factors of 2354166149?
389, 1019, 5939
What are the prime factors of 46751503?
31, 1508113
What are the prime factors of 51473607?
3, 163, 105263
List the prime factors of 15678209.
227, 69067
List the prime factors of 359311466.
2, 179655733
List the prime factors of 93070424.
2, 239, 48677
What are the prime factors of 130247077?
113, 1152629
What are the prime factors of 2132615476?
2, 23, 251, 92353
List the prime factors of 39329449.
17, 19, 121763
List the prime factors of 7066800723.
3, 6763, 348307
List the prime factors of 23659092.
2, 3, 657197
List the prime factors of 199170071.
31, 113, 56857
What are the prime factors of 4830943065?
3, 5, 13, 1613, 15359
What are the prime factors of 1599803697?
3, 533267899
What are the prime factors of 40936498?
2, 229, 89381
List the prime factors of 908175973.
1511, 601043
What are the prime factors of 107761040?
2, 5, 1347013
What are the prime factors of 2581847855?
5, 139, 3714889
List the prime factors of 309924377.
7, 44274911
What are the prime factors of 144016442?
2, 72008221
What are the prime factors of 332347901?
547, 607583
List the prime factors of 86334799.
86334799
List the prime factors of 1757862743.
7, 13, 19317173
What are the prime factors of 73123454?
2, 193, 189439
What are the prime factors of 478598841?
3, 7, 17, 148957
What are the prime factors of 4492894574?
2, 7, 1289, 5081
What are the prime factors of 15841063?
7, 379, 853
List the prime factors of 40658077.
131, 149, 2083
List the prime factors of 435276293.
435276293
List the prime factors of 152516490.
2, 3, 5, 7, 349, 2081
What are the prime factors of 1363388408?
2, 47, 3626033
What are the prime factors of 126269818?
2, 89, 709381
What are the prime factors of 60170126?
2, 137, 219599
List the prime factors of 2737957440.
2, 3, 5, 17, 127, 1321
What are the prime factors of 543347765?
5, 6761, 16073
List the prime factors of 203791073.
263, 331, 2341
What are the prime factors of 169837512?
2, 3, 13, 683, 797
What are the prime factors of 931263173?
163, 587, 9733
What are the prime factors of 2392980323?
2392980323
What are the prime factors of 1515505499?
3469, 436871
What are the prime factors of 179212421?
13159, 13619
List the prime factors of 3365944429.
4493, 749153
List the prime factors of 919743411.
3, 331, 926227
List the prime factors of 949565593.
14489, 65537
What are the prime factors of 68116692?
2, 3, 7, 810913
List the prime factors of 4080103540.
2, 5, 89, 2292193
List the prime factors of 1020867568.
2